s divided by 14.
11
Calculate the remainder when 2790 is divided by 1232.
326
What is the remainder when 32366 is divided by 136?
134
What is the remainder when 2018 is divided by 1006?
6
Calculate the remainder when 2513 is divided by 1231.
51
Calculate the remainder when 1108721 is divided by 246.
245
What is the remainder when 82043 is divided by 646?
1
Calculate the remainder when 10215 is divided by 601.
599
What is the remainder when 3964 is divided by 52?
12
What is the remainder when 142377 is divided by 71185?
7
Calculate the remainder when 8591 is divided by 8329.
262
What is the remainder when 75171 is divided by 6259?
63
What is the remainder when 4261 is divided by 242?
147
What is the remainder when 78191 is divided by 114?
101
Calculate the remainder when 1238 is divided by 523.
192
Calculate the remainder when 4924 is divided by 233.
31
What is the remainder when 152685 is divided by 791?
22
What is the remainder when 40125 is divided by 48?
45
What is the remainder when 8028574 is divided by 488?
486
What is the remainder when 4116 is divided by 112?
84
Calculate the remainder when 2149 is divided by 352.
37
Calculate the remainder when 3158 is divided by 817.
707
Calculate the remainder when 5893 is divided by 111.
10
What is the remainder when 101050 is divided by 15?
10
Calculate the remainder when 6278 is divided by 131.
121
Calculate the remainder when 39850 is divided by 7960.
50
Calculate the remainder when 4936 is divided by 4890.
46
Calculate the remainder when 251909 is divided by 8.
5
What is the remainder when 10006 is divided by 5003?
0
What is the remainder when 4625 is divided by 1146?
41
Calculate the remainder when 20580 is divided by 5134.
44
Calculate the remainder when 4874 is divided by 38.
10
What is the remainder when 10270 is divided by 179?
67
Calculate the remainder when 45151 is divided by 228.
7
What is the remainder when 11829 is divided by 3935?
24
Calculate the remainder when 1510 is divided by 15.
10
What is the remainder when 1516 is divided by 393?
337
Calculate the remainder when 7939 is divided by 727.
669
What is the remainder when 280763 is divided by 56145?
38
Calculate the remainder when 5341 is divided by 1060.
41
Calculate the remainder when 8849 is divided by 528.
401
What is the remainder when 7228 is divided by 802?
10
What is the remainder when 7007206 is divided by 2428?
2426
Calculate the remainder when 75344 is divided by 119.
17
What is the remainder when 7297 is divided by 859?
425
What is the remainder when 712 is divided by 65?
62
What is the remainder when 365 is divided by 98?
71
Calculate the remainder when 947 is divided by 169.
102
What is the remainder when 158737 is divided by 125?
112
Calculate the remainder when 2057 is divided by 437.
309
What is the remainder when 653291 is divided by 1455?
1451
Calculate the remainder when 1533 is divided by 488.
69
What is the remainder when 11269 is divided by 11255?
14
Calculate the remainder when 1454 is divided by 40.
14
What is the remainder when 5465 is divided by 2714?
37
Calculate the remainder when 30432 is divided by 342.
336
What is the remainder when 17347 is divided by 8668?
11
What is the remainder when 269187 is divided by 506?
501
Calculate the remainder when 27983 is divided by 212.
211
What is the remainder when 13966 is divided by 36?
34
What is the remainder when 33157 is divided by 1327?
1309
What is the remainder when 827762 is divided by 68?
66
What is the remainder when 39918 is divided by 596?
582
Calculate the remainder when 5763 is divided by 142.
83
Calculate the remainder when 3774 is divided by 1854.
66
Calculate the remainder when 5947039 is divided by 310.
309
Calculate the remainder when 12808 is divided by 3627.
1927
What is the remainder when 186906 is divided by 4?
2
Calculate the remainder when 8139 is divided by 15.
9
Calculate the remainder when 653571 is divided by 29.
27
What is the remainder when 2942 is divided by 52?
30
What is the remainder when 22997 is divided by 548?
529
What is the remainder when 1065 is divided by 346?
27
Calculate the remainder when 32210 is divided by 85.
80
What is the remainder when 621 is divided by 200?
21
Calculate the remainder when 3201268 is divided by 510.
508
What is the remainder when 949 is divided by 927?
22
What is the remainder when 1157 is divided by 412?
333
What is the remainder when 75600 is divided by 25200?
0
Calculate the remainder when 1928541 is divided by 482133.
9
Calculate the remainder when 814 is divided by 253.
55
What is the remainder when 305744 is divided by 507?
23
What is the remainder when 15410 is divided by 77?
10
Calculate the remainder when 324862 is divided by 18.
16
Calculate the remainder when 2309617 is divided by 85.
82
Calculate the remainder when 6149 is divided by 1522.
61
What is the remainder when 2424 is divided by 130?
84
What is the remainder when 55947 is divided by 2003?
1866
What is the remainder when 140514 is divided by 34?
26
What is the remainder when 11866 is divided by 1067?
129
Calculate the remainder when 2640 is divided by 195.
105
Calculate the remainder when 728 is divided by 318.
92
Calculate the remainder when 3773 is divided by 1068.
569
Calculate the remainder when 8498 is divided by 160.
18
Calculate the remainder when 149855 is divided by 446.
445
What is the remainder when 1366 is divided by 121?
35
What is the remainder when 11808 is divided by 127?
124
Calculate the remainder when 257920 is divided by 97.
94
What is the remainder when 26178 is divided by 24?
18
What is the remainder when 175965 is divided by 96?
93
What is the remainder when 7278 is divided by 107?
2
What is the remainder when 573427 is divided by 4662?
1
Calculate the remainder when 137990 is divided by 575.
565
Calculate the remainder when 746 is divided by 3.
2
What is the remainder when 54507 is divided by 237?
234
Calculate the remainder when 20430 is divided by 207.
144
Calculate the remainder when 27568 is divided by 13.
8
Calculate the remainder when 100390 is divided by 48.
22
Calculate the remainder when 233 is divided by 116.
1
Calculate the remainder when 762 is divided by 99.
69
Calculate the remainder when 113682 is divided by 56830.
22
Calculate the remainder when 55630 is divided by 389.
3
What is the remainder when 12628 is divided by 15?
13
Calculate the remainder when 8633 is divided by 1722.
23
Calculate the remainder when 14857 is divided by 564.
193
What is the remainder when 17197 is divided by 8597?
3
What is the remainder when 104717 is divided by 7?
4
What is the remainder when 17568 is divided by 26?
18
Calculate the remainder when 372619 is divided by 28663.
0
What is the remainder when 4240 is divided by 423?
10
Calculate the remainder when 9108 is divided by 1601.
1103
Calculate the remainder when 541088 is divided by 3340.
8
Calculate the remainder when 8207 is divided by 4097.
13
What is the remainder when 22473 is divided by 205?
128
Calculate the remainder when 15035 is divided by 300.
35
What is the remainder when 18751 is divided by 1873?
21
What is the remainder when 33488 is divided by 10?
8
Calculate the remainder when 2222123 is divided by 725.
723
Calculate the remainder when 1907 is divided by 99.
26
What is the remainder when 40206 is divided by 187?
1
What is the remainder when 2777 is divided by 2657?
120
What is the remainder when 1063 is divided by 1050?
13
What is the remainder when 1189807 is divided by 16?
15
What is the remainder when 15775 is divided by 92?
43
What is the remainder when 10210 is divided by 57?
7
What is the remainder when 6503 is divided by 167?
157
What is the remainder when 49202 is divided by 141?
134
What is the remainder when 545490 is divided by 197?
194
Calculate the remainder when 53579 is divided by 26778.
23
Calculate the remainder when 25680 is divided by 4269.
66
Calculate the remainder when 36004 is divided by 750.
4
What is the remainder when 12515 is divided by 12514?
1
What is the remainder when 7585 is divided by 342?
61
What is the remainder when 51182 is divided by 1980?
1682
What is the remainder when 1744 is divided by 576?
16
What is the remainder when 172586 is divided by 639?
56
Calculate the remainder when 852273 is divide